{"id":98,"date":"2023-02-01T10:36:03","date_gmt":"2023-02-01T09:36:03","guid":{"rendered":"https:\/\/marche.seve-asso.fr\/boutique\/?post_type=product&#038;p=98"},"modified":"2024-08-18T11:56:02","modified_gmt":"2024-08-18T09:56:02","slug":"bergere-baguette-de-tradition","status":"publish","type":"product","link":"https:\/\/marche.seve-asso.fr\/boutique\/produit\/bergere-baguette-de-tradition\/","title":{"rendered":"Berg\u00e8re (baguette de tradition)"},"content":{"rendered":"<p>Pain froment semi-complet (farine t.65), au levain naturel sur longue<br \/>\nfermentation \u00e0 temp\u00e9rature ambiante (15 \u00e0 17 heures)<br \/>\n(Allerg\u00e8nes : gluten)<br \/>\n<em>Poids : 0.25 Kg <\/em><\/p>\n<p><em>5.4 \u20ac\/Kg<\/em><\/p>\n","protected":false},"excerpt":{"rendered":"<p>Pain froment semi-complet (farine t.65), au levain naturel sur longue fermentation \u00e0 temp\u00e9rature ambiante (15 \u00e0 17 heures) (Allerg\u00e8nes : gluten) Poids : 0.25 Kg 5.4 \u20ac\/Kg<\/p>\n","protected":false},"featured_media":0,"comment_status":"closed","ping_status":"closed","template":"","meta":[],"product_brand":[],"product_cat":[29,34],"product_tag":[],"class_list":{"0":"post-98","1":"product","2":"type-product","3":"status-publish","5":"product_cat-boulangerie","6":"product_cat-fournil-de-la-bergerie","8":"first","9":"instock","10":"virtual","11":"purchasable","12":"product-type-simple"},"_links":{"self":[{"href":"https:\/\/marche.seve-asso.fr\/boutique\/wp-json\/wp\/v2\/product\/98","targetHints":{"allow":["GET"]}}],"collection":[{"href":"https:\/\/marche.seve-asso.fr\/boutique\/wp-json\/wp\/v2\/product"}],"about":[{"href":"https:\/\/marche.seve-asso.fr\/boutique\/wp-json\/wp\/v2\/types\/product"}],"replies":[{"embeddable":true,"href":"https:\/\/marche.seve-asso.fr\/boutique\/wp-json\/wp\/v2\/comments?post=98"}],"wp:attachment":[{"href":"https:\/\/marche.seve-asso.fr\/boutique\/wp-json\/wp\/v2\/media?parent=98"}],"wp:term":[{"taxonomy":"product_brand","embeddable":true,"href":"https:\/\/marche.seve-asso.fr\/boutique\/wp-json\/wp\/v2\/product_brand?post=98"},{"taxonomy":"product_cat","embeddable":true,"href":"https:\/\/marche.seve-asso.fr\/boutique\/wp-json\/wp\/v2\/product_cat?post=98"},{"taxonomy":"product_tag","embeddable":true,"href":"https:\/\/marche.seve-asso.fr\/boutique\/wp-json\/wp\/v2\/product_tag?post=98"}],"curies":[{"name":"wp","href":"https:\/\/api.w.org\/{rel}","templated":true}]}}

Bergère (baguette de tradition)

<p>Pain froment semi-complet (farine t.65), au levain naturel sur longue<br />
fermentation à température ambiante (15 à 17 heures)<br />
(Allergènes : gluten)<br />
<em>Poids : 0.25 Kg </em></p>
<p><em>5.4 €/Kg</em></p>

<p>Pain froment semi-complet (farine t.65), au levain naturel sur longue fermentation à température ambiante (15 à 17 heures) (Allergènes : gluten) Poids : 0.25 Kg 5.4 €/Kg</p>
