{"id":95,"date":"2023-02-01T10:34:25","date_gmt":"2023-02-01T09:34:25","guid":{"rendered":"https:\/\/marche.seve-asso.fr\/boutique\/?post_type=product&#038;p=95"},"modified":"2024-08-18T11:57:45","modified_gmt":"2024-08-18T09:57:45","slug":"pain-integral","status":"publish","type":"product","link":"https:\/\/marche.seve-asso.fr\/boutique\/produit\/pain-integral\/","title":{"rendered":"Pain Froment int\u00e9gral"},"content":{"rendered":"<p>Pain Froment int\u00e9gral (farine T.150), au levain naturel sur longue fermentation \u00e0\u00a0 temp\u00e9rature ambiante (15 \u00e0 17 heures).<br \/>\n(Allerg\u00e8nes : gluten).<br \/>\n<em>Poids : 1 Kg <\/em><\/p>\n<p><em>6 \u20ac\/Kg<\/em><\/p>\n","protected":false},"excerpt":{"rendered":"<p>Pain Froment int\u00e9gral (farine T.150), au levain naturel sur longue fermentation \u00e0\u00a0 temp\u00e9rature ambiante (15 \u00e0 17 heures). (Allerg\u00e8nes : gluten). Poids : 1 Kg 6 \u20ac\/Kg<\/p>\n","protected":false},"featured_media":120,"comment_status":"closed","ping_status":"closed","template":"","meta":[],"product_brand":[],"product_cat":[34],"product_tag":[],"class_list":{"0":"post-95","1":"product","2":"type-product","3":"status-publish","4":"has-post-thumbnail","6":"product_cat-fournil-de-la-bergerie","8":"first","9":"instock","10":"virtual","11":"purchasable","12":"product-type-simple"},"_links":{"self":[{"href":"https:\/\/marche.seve-asso.fr\/boutique\/wp-json\/wp\/v2\/product\/95","targetHints":{"allow":["GET"]}}],"collection":[{"href":"https:\/\/marche.seve-asso.fr\/boutique\/wp-json\/wp\/v2\/product"}],"about":[{"href":"https:\/\/marche.seve-asso.fr\/boutique\/wp-json\/wp\/v2\/types\/product"}],"replies":[{"embeddable":true,"href":"https:\/\/marche.seve-asso.fr\/boutique\/wp-json\/wp\/v2\/comments?post=95"}],"wp:featuredmedia":[{"embeddable":true,"href":"https:\/\/marche.seve-asso.fr\/boutique\/wp-json\/wp\/v2\/media\/120"}],"wp:attachment":[{"href":"https:\/\/marche.seve-asso.fr\/boutique\/wp-json\/wp\/v2\/media?parent=95"}],"wp:term":[{"taxonomy":"product_brand","embeddable":true,"href":"https:\/\/marche.seve-asso.fr\/boutique\/wp-json\/wp\/v2\/product_brand?post=95"},{"taxonomy":"product_cat","embeddable":true,"href":"https:\/\/marche.seve-asso.fr\/boutique\/wp-json\/wp\/v2\/product_cat?post=95"},{"taxonomy":"product_tag","embeddable":true,"href":"https:\/\/marche.seve-asso.fr\/boutique\/wp-json\/wp\/v2\/product_tag?post=95"}],"curies":[{"name":"wp","href":"https:\/\/api.w.org\/{rel}","templated":true}]}}

Pain Froment intégral

<p>Pain Froment intégral (farine T.150), au levain naturel sur longue fermentation à  température ambiante (15 à 17 heures).<br />
(Allergènes : gluten).<br />
<em>Poids : 1 Kg </em></p>
<p><em>6 €/Kg</em></p>

<p>Pain Froment intégral (farine T.150), au levain naturel sur longue fermentation à  température ambiante (15 à 17 heures). (Allergènes : gluten). Poids : 1 Kg 6 €/Kg</p>
