{"id":90,"date":"2023-02-01T10:29:34","date_gmt":"2023-02-01T09:29:34","guid":{"rendered":"https:\/\/marche.seve-asso.fr\/boutique\/?post_type=product&#038;p=90"},"modified":"2024-08-18T12:00:49","modified_gmt":"2024-08-18T10:00:49","slug":"pain-de-ferme-semi-complet","status":"publish","type":"product","link":"https:\/\/marche.seve-asso.fr\/boutique\/produit\/pain-de-ferme-semi-complet\/","title":{"rendered":"Pain de ferme (semi-complet)"},"content":{"rendered":"<p>Pain Froment semi-complet (farine T.80), au levain naturel sur longue<br \/>\nfermentation \u00e0 temp\u00e9rature ambiante (15 \u00e0 17 heures).<br \/>\n(Allerg\u00e8nes : gluten).<br \/>\n<em>Poids : 1 Kg\u00a0<\/em><\/p>\n<p><em> 6 \u20ac\/Kg<\/em><\/p>\n","protected":false},"excerpt":{"rendered":"<p>Pain Froment semi-complet (farine T.80), au levain naturel sur longue fermentation \u00e0 temp\u00e9rature ambiante (15 \u00e0 17 heures). (Allerg\u00e8nes : gluten). Poids : 1 Kg\u00a0 6 \u20ac\/Kg<\/p>\n","protected":false},"featured_media":119,"comment_status":"closed","ping_status":"closed","template":"","meta":[],"product_brand":[],"product_cat":[29,34],"product_tag":[],"class_list":{"0":"post-90","1":"product","2":"type-product","3":"status-publish","4":"has-post-thumbnail","6":"product_cat-boulangerie","7":"product_cat-fournil-de-la-bergerie","9":"first","10":"instock","11":"virtual","12":"purchasable","13":"product-type-simple"},"_links":{"self":[{"href":"https:\/\/marche.seve-asso.fr\/boutique\/wp-json\/wp\/v2\/product\/90","targetHints":{"allow":["GET"]}}],"collection":[{"href":"https:\/\/marche.seve-asso.fr\/boutique\/wp-json\/wp\/v2\/product"}],"about":[{"href":"https:\/\/marche.seve-asso.fr\/boutique\/wp-json\/wp\/v2\/types\/product"}],"replies":[{"embeddable":true,"href":"https:\/\/marche.seve-asso.fr\/boutique\/wp-json\/wp\/v2\/comments?post=90"}],"wp:featuredmedia":[{"embeddable":true,"href":"https:\/\/marche.seve-asso.fr\/boutique\/wp-json\/wp\/v2\/media\/119"}],"wp:attachment":[{"href":"https:\/\/marche.seve-asso.fr\/boutique\/wp-json\/wp\/v2\/media?parent=90"}],"wp:term":[{"taxonomy":"product_brand","embeddable":true,"href":"https:\/\/marche.seve-asso.fr\/boutique\/wp-json\/wp\/v2\/product_brand?post=90"},{"taxonomy":"product_cat","embeddable":true,"href":"https:\/\/marche.seve-asso.fr\/boutique\/wp-json\/wp\/v2\/product_cat?post=90"},{"taxonomy":"product_tag","embeddable":true,"href":"https:\/\/marche.seve-asso.fr\/boutique\/wp-json\/wp\/v2\/product_tag?post=90"}],"curies":[{"name":"wp","href":"https:\/\/api.w.org\/{rel}","templated":true}]}}

<p>Pain Froment semi-complet (farine T.80), au levain naturel sur longue<br />
fermentation à température ambiante (15 à 17 heures).<br />
(Allergènes : gluten).<br />
<em>Poids : 1 Kg </em></p>
<p><em> 6 €/Kg</em></p>

<p>Pain Froment semi-complet (farine T.80), au levain naturel sur longue fermentation à température ambiante (15 à 17 heures). (Allergènes : gluten). Poids : 1 Kg  6 €/Kg</p>
