{"id":889,"date":"2025-06-18T15:24:49","date_gmt":"2025-06-18T13:24:49","guid":{"rendered":"https:\/\/marche.seve-asso.fr\/boutique\/?post_type=product&#038;p=889"},"modified":"2025-06-18T15:29:53","modified_gmt":"2025-06-18T13:29:53","slug":"miel-de-fleurs-de-mai","status":"publish","type":"product","link":"https:\/\/marche.seve-asso.fr\/boutique\/produit\/miel-de-fleurs-de-mai\/","title":{"rendered":"Miel de fleurs de mai, tendance aub\u00e9pine &#038; acacia"},"content":{"rendered":"<p>Miel de fleurs r\u00e9colt\u00e9 en mai 2025.<br \/>\nC&rsquo;est un miel tr\u00e8s clair qui a \u00e9t\u00e9 butin\u00e9 sur les fleurs d&rsquo;aub\u00e9pine et une tr\u00e8s belle fleuraison des acacias cette ann\u00e9e , un plaisir a d\u00e9guster !!!!<br \/>\nLa cristallisation est un ph\u00e9nom\u00e8ne naturel qui est plus ou moins rapide selon les vari\u00e9t\u00e9s florales (c&rsquo;est un gage de qualit\u00e9).<br \/>\nContenance : 500gr.<\/p>\n","protected":false},"excerpt":{"rendered":"<p>Miel de fleurs r\u00e9colt\u00e9 en mai 2025. C&rsquo;est un miel tr\u00e8s clair qui a \u00e9t\u00e9 butin\u00e9 sur les fleurs d&rsquo;aub\u00e9pine et une tr\u00e8s belle fleuraison des acacias cette ann\u00e9e , un plaisir a d\u00e9guster !!!! La cristallisation est un ph\u00e9nom\u00e8ne naturel qui est plus ou moins rapide selon les vari\u00e9t\u00e9s florales (c&rsquo;est un gage de [&hellip;]<\/p>\n","protected":false},"featured_media":0,"comment_status":"closed","ping_status":"closed","template":"","meta":[],"product_brand":[],"product_cat":[40,39],"product_tag":[],"class_list":{"0":"post-889","1":"product","2":"type-product","3":"status-publish","5":"product_cat-le_rucher_des_celestines","6":"product_cat-miel","8":"first","9":"instock","10":"shipping-taxable","11":"purchasable","12":"product-type-simple"},"_links":{"self":[{"href":"https:\/\/marche.seve-asso.fr\/boutique\/wp-json\/wp\/v2\/product\/889","targetHints":{"allow":["GET"]}}],"collection":[{"href":"https:\/\/marche.seve-asso.fr\/boutique\/wp-json\/wp\/v2\/product"}],"about":[{"href":"https:\/\/marche.seve-asso.fr\/boutique\/wp-json\/wp\/v2\/types\/product"}],"replies":[{"embeddable":true,"href":"https:\/\/marche.seve-asso.fr\/boutique\/wp-json\/wp\/v2\/comments?post=889"}],"wp:attachment":[{"href":"https:\/\/marche.seve-asso.fr\/boutique\/wp-json\/wp\/v2\/media?parent=889"}],"wp:term":[{"taxonomy":"product_brand","embeddable":true,"href":"https:\/\/marche.seve-asso.fr\/boutique\/wp-json\/wp\/v2\/product_brand?post=889"},{"taxonomy":"product_cat","embeddable":true,"href":"https:\/\/marche.seve-asso.fr\/boutique\/wp-json\/wp\/v2\/product_cat?post=889"},{"taxonomy":"product_tag","embeddable":true,"href":"https:\/\/marche.seve-asso.fr\/boutique\/wp-json\/wp\/v2\/product_tag?post=889"}],"curies":[{"name":"wp","href":"https:\/\/api.w.org\/{rel}","templated":true}]}}

Miel de fleurs de mai, tendance aubépine &#038; acacia

<p>Miel de fleurs récolté en mai 2025.<br />
C&rsquo;est un miel très clair qui a été butiné sur les fleurs d&rsquo;aubépine et une très belle fleuraison des acacias cette année , un plaisir a déguster !!!!<br />
La cristallisation est un phénomène naturel qui est plus ou moins rapide selon les variétés florales (c&rsquo;est un gage de qualité).<br />
Contenance : 500gr.</p>

<p>Miel de fleurs récolté en mai 2025. C&rsquo;est un miel très clair qui a été butiné sur les fleurs d&rsquo;aubépine et une très belle fleuraison des acacias cette année , un plaisir a déguster !!!! La cristallisation est un phénomène naturel qui est plus ou moins rapide selon les variétés florales (c&rsquo;est un gage de [&hellip;]</p>
