{"id":83,"date":"2023-02-01T10:22:31","date_gmt":"2023-02-01T09:22:31","guid":{"rendered":"https:\/\/marche.seve-asso.fr\/boutique\/?post_type=product&#038;p=83"},"modified":"2024-08-18T12:02:22","modified_gmt":"2024-08-18T10:02:22","slug":"pain-du-randonneur","status":"publish","type":"product","link":"https:\/\/marche.seve-asso.fr\/boutique\/produit\/pain-du-randonneur\/","title":{"rendered":"Pain du randonneur"},"content":{"rendered":"<p>Pain du randonneur<br \/>\nPain Froment semi-complet (farine T.80) avec abricots secs, pruneaux, figues et noisettes, au levain naturel sur longue fermentation \u00e0 temp\u00e9rature ambiante (15 \u00e0 17 heures).<br \/>\n(Allerg\u00e8nes : gluten, noisette).<br \/>\n<em>Poids : 0.8 Kg\u00a0<\/em><\/p>\n<p><em> 10.75 \u20ac\/Kg<\/em><\/p>\n","protected":false},"excerpt":{"rendered":"<p>Pain du randonneur Pain Froment semi-complet (farine T.80) avec abricots secs, pruneaux, figues et noisettes, au levain naturel sur longue fermentation \u00e0 temp\u00e9rature ambiante (15 \u00e0 17 heures). (Allerg\u00e8nes : gluten, noisette). Poids : 0.8 Kg\u00a0 10.75 \u20ac\/Kg<\/p>\n","protected":false},"featured_media":0,"comment_status":"closed","ping_status":"closed","template":"","meta":[],"product_brand":[],"product_cat":[29,34],"product_tag":[],"class_list":{"0":"post-83","1":"product","2":"type-product","3":"status-publish","5":"product_cat-boulangerie","6":"product_cat-fournil-de-la-bergerie","8":"first","9":"instock","10":"virtual","11":"purchasable","12":"product-type-simple"},"_links":{"self":[{"href":"https:\/\/marche.seve-asso.fr\/boutique\/wp-json\/wp\/v2\/product\/83","targetHints":{"allow":["GET"]}}],"collection":[{"href":"https:\/\/marche.seve-asso.fr\/boutique\/wp-json\/wp\/v2\/product"}],"about":[{"href":"https:\/\/marche.seve-asso.fr\/boutique\/wp-json\/wp\/v2\/types\/product"}],"replies":[{"embeddable":true,"href":"https:\/\/marche.seve-asso.fr\/boutique\/wp-json\/wp\/v2\/comments?post=83"}],"wp:attachment":[{"href":"https:\/\/marche.seve-asso.fr\/boutique\/wp-json\/wp\/v2\/media?parent=83"}],"wp:term":[{"taxonomy":"product_brand","embeddable":true,"href":"https:\/\/marche.seve-asso.fr\/boutique\/wp-json\/wp\/v2\/product_brand?post=83"},{"taxonomy":"product_cat","embeddable":true,"href":"https:\/\/marche.seve-asso.fr\/boutique\/wp-json\/wp\/v2\/product_cat?post=83"},{"taxonomy":"product_tag","embeddable":true,"href":"https:\/\/marche.seve-asso.fr\/boutique\/wp-json\/wp\/v2\/product_tag?post=83"}],"curies":[{"name":"wp","href":"https:\/\/api.w.org\/{rel}","templated":true}]}}

<p>Pain du randonneur<br />
Pain Froment semi-complet (farine T.80) avec abricots secs, pruneaux, figues et noisettes, au levain naturel sur longue fermentation à température ambiante (15 à 17 heures).<br />
(Allergènes : gluten, noisette).<br />
<em>Poids : 0.8 Kg </em></p>
<p><em> 10.75 €/Kg</em></p>

<p>Pain du randonneur Pain Froment semi-complet (farine T.80) avec abricots secs, pruneaux, figues et noisettes, au levain naturel sur longue fermentation à température ambiante (15 à 17 heures). (Allergènes : gluten, noisette). Poids : 0.8 Kg  10.75 €/Kg</p>
