{"id":79,"date":"2023-02-01T10:16:51","date_gmt":"2023-02-01T09:16:51","guid":{"rendered":"https:\/\/marche.seve-asso.fr\/boutique\/?post_type=product&#038;p=79"},"modified":"2023-02-17T14:02:20","modified_gmt":"2023-02-17T13:02:20","slug":"gesiers-de-poulets-confits-1-u","status":"publish","type":"product","link":"https:\/\/marche.seve-asso.fr\/boutique\/produit\/gesiers-de-poulets-confits-1-u\/","title":{"rendered":"G\u00e9siers de poulets confits"},"content":{"rendered":"<p>G\u00e9siers de poulet confit en bocal de 300 grammes, transform\u00e9 par la ferme du loup ravissant (78) avec des g\u00e9siers de poulet issus de notre exploitation et confit dans la graisse de canard<br \/>\nPoulet de minimum 100 jours d&rsquo;\u00e9levage, bien nourris, bien \u00e9lev\u00e9s et ayant eu acc\u00e8s \u00e0 de l&rsquo;herbe sur un grand parcours.<\/p>\n<p><em>Quantit\u00e9 : 1 unit\u00e9<\/em><\/p>\n<p><i>6.9 \u20ac\/U<\/i><\/p>\n","protected":false},"excerpt":{"rendered":"<p>G\u00e9siers de poulet confit en bocal de 300 grammes, transform\u00e9 par la ferme du loup ravissant (78) avec des g\u00e9siers de poulet issus de notre exploitation et confit dans la graisse de canard Poulet de minimum 100 jours d&rsquo;\u00e9levage, bien nourris, bien \u00e9lev\u00e9s et ayant eu acc\u00e8s \u00e0 de l&rsquo;herbe sur un grand parcours. Quantit\u00e9 [&hellip;]<\/p>\n","protected":false},"featured_media":81,"comment_status":"closed","ping_status":"closed","template":"","meta":[],"product_brand":[],"product_cat":[26,17],"product_tag":[],"class_list":{"0":"post-79","1":"product","2":"type-product","3":"status-publish","4":"has-post-thumbnail","6":"product_cat-earl-des-bouillots-viandes","7":"product_cat-viandes","9":"first","10":"instock","11":"virtual","12":"purchasable","13":"product-type-simple"},"_links":{"self":[{"href":"https:\/\/marche.seve-asso.fr\/boutique\/wp-json\/wp\/v2\/product\/79","targetHints":{"allow":["GET"]}}],"collection":[{"href":"https:\/\/marche.seve-asso.fr\/boutique\/wp-json\/wp\/v2\/product"}],"about":[{"href":"https:\/\/marche.seve-asso.fr\/boutique\/wp-json\/wp\/v2\/types\/product"}],"replies":[{"embeddable":true,"href":"https:\/\/marche.seve-asso.fr\/boutique\/wp-json\/wp\/v2\/comments?post=79"}],"wp:featuredmedia":[{"embeddable":true,"href":"https:\/\/marche.seve-asso.fr\/boutique\/wp-json\/wp\/v2\/media\/81"}],"wp:attachment":[{"href":"https:\/\/marche.seve-asso.fr\/boutique\/wp-json\/wp\/v2\/media?parent=79"}],"wp:term":[{"taxonomy":"product_brand","embeddable":true,"href":"https:\/\/marche.seve-asso.fr\/boutique\/wp-json\/wp\/v2\/product_brand?post=79"},{"taxonomy":"product_cat","embeddable":true,"href":"https:\/\/marche.seve-asso.fr\/boutique\/wp-json\/wp\/v2\/product_cat?post=79"},{"taxonomy":"product_tag","embeddable":true,"href":"https:\/\/marche.seve-asso.fr\/boutique\/wp-json\/wp\/v2\/product_tag?post=79"}],"curies":[{"name":"wp","href":"https:\/\/api.w.org\/{rel}","templated":true}]}}

Gésiers de poulets confits

<p>Gésiers de poulet confit en bocal de 300 grammes, transformé par la ferme du loup ravissant (78) avec des gésiers de poulet issus de notre exploitation et confit dans la graisse de canard<br />
Poulet de minimum 100 jours d&rsquo;élevage, bien nourris, bien élevés et ayant eu accès à de l&rsquo;herbe sur un grand parcours.</p>
<p><em>Quantité : 1 unité</em></p>
<p><i>6.9 €/U</i></p>

<p>Gésiers de poulet confit en bocal de 300 grammes, transformé par la ferme du loup ravissant (78) avec des gésiers de poulet issus de notre exploitation et confit dans la graisse de canard Poulet de minimum 100 jours d&rsquo;élevage, bien nourris, bien élevés et ayant eu accès à de l&rsquo;herbe sur un grand parcours. Quantité [&hellip;]</p>
