{"id":76,"date":"2023-02-01T10:13:55","date_gmt":"2023-02-01T09:13:55","guid":{"rendered":"https:\/\/marche.seve-asso.fr\/boutique\/?post_type=product&#038;p=76"},"modified":"2024-08-18T12:03:56","modified_gmt":"2024-08-18T10:03:56","slug":"pain-au-lait-chocolat-pain","status":"publish","type":"product","link":"https:\/\/marche.seve-asso.fr\/boutique\/produit\/pain-au-lait-chocolat-pain\/","title":{"rendered":"Pain au lait chocolat"},"content":{"rendered":"<p>Pain au Lait, farine de Froment semi-compl\u00e8te (T.65) et p\u00e9pites de chocolat.<br \/>\n(Allerg\u00e8nes : gluten, lait).<br \/>\n<em>Poids : 0.375 Kg <\/em><\/p>\n<p><em>12.80 \u20ac\/Kg<\/em><\/p>\n","protected":false},"excerpt":{"rendered":"<p>Pain au Lait, farine de Froment semi-compl\u00e8te (T.65) et p\u00e9pites de chocolat. (Allerg\u00e8nes : gluten, lait). Poids : 0.375 Kg 12.80 \u20ac\/Kg<\/p>\n","protected":false},"featured_media":115,"comment_status":"closed","ping_status":"closed","template":"","meta":[],"product_brand":[],"product_cat":[29,34],"product_tag":[],"class_list":{"0":"post-76","1":"product","2":"type-product","3":"status-publish","4":"has-post-thumbnail","6":"product_cat-boulangerie","7":"product_cat-fournil-de-la-bergerie","9":"first","10":"instock","11":"virtual","12":"purchasable","13":"product-type-simple"},"_links":{"self":[{"href":"https:\/\/marche.seve-asso.fr\/boutique\/wp-json\/wp\/v2\/product\/76","targetHints":{"allow":["GET"]}}],"collection":[{"href":"https:\/\/marche.seve-asso.fr\/boutique\/wp-json\/wp\/v2\/product"}],"about":[{"href":"https:\/\/marche.seve-asso.fr\/boutique\/wp-json\/wp\/v2\/types\/product"}],"replies":[{"embeddable":true,"href":"https:\/\/marche.seve-asso.fr\/boutique\/wp-json\/wp\/v2\/comments?post=76"}],"wp:featuredmedia":[{"embeddable":true,"href":"https:\/\/marche.seve-asso.fr\/boutique\/wp-json\/wp\/v2\/media\/115"}],"wp:attachment":[{"href":"https:\/\/marche.seve-asso.fr\/boutique\/wp-json\/wp\/v2\/media?parent=76"}],"wp:term":[{"taxonomy":"product_brand","embeddable":true,"href":"https:\/\/marche.seve-asso.fr\/boutique\/wp-json\/wp\/v2\/product_brand?post=76"},{"taxonomy":"product_cat","embeddable":true,"href":"https:\/\/marche.seve-asso.fr\/boutique\/wp-json\/wp\/v2\/product_cat?post=76"},{"taxonomy":"product_tag","embeddable":true,"href":"https:\/\/marche.seve-asso.fr\/boutique\/wp-json\/wp\/v2\/product_tag?post=76"}],"curies":[{"name":"wp","href":"https:\/\/api.w.org\/{rel}","templated":true}]}}

<p>Pain au Lait, farine de Froment semi-complète (T.65) et pépites de chocolat.<br />
(Allergènes : gluten, lait).<br />
<em>Poids : 0.375 Kg </em></p>
<p><em>12.80 €/Kg</em></p>

<p>Pain au Lait, farine de Froment semi-complète (T.65) et pépites de chocolat. (Allergènes : gluten, lait). Poids : 0.375 Kg 12.80 €/Kg</p>
