{"id":71,"date":"2023-02-01T10:10:32","date_gmt":"2023-02-01T09:10:32","guid":{"rendered":"https:\/\/marche.seve-asso.fr\/boutique\/?post_type=product&#038;p=71"},"modified":"2024-09-05T15:07:30","modified_gmt":"2024-09-05T13:07:30","slug":"foie-de-volaille-frais-250g","status":"publish","type":"product","link":"https:\/\/marche.seve-asso.fr\/boutique\/produit\/foie-de-volaille-frais-250g\/","title":{"rendered":"Foie de volaille frais (250 g)"},"content":{"rendered":"<p>Foie de volaille issus de nos poulets qui ont minimum 100 jours d&rsquo;\u00e9levage, bien nourris, bien \u00e9lev\u00e9s et ayant eu acc\u00e8s \u00e0 de l&rsquo;herbe sur un grand parcours.<br \/>\nLa quantit\u00e9 de foie peut \u00eatre restreinte en fonction du nombre de poulets que nous abattons chaque semaine.<\/p>\n<p><em>Poids : 250g<\/em><\/p>\n<p><em>0.02 \u20ac\/g<\/em><\/p>\n","protected":false},"excerpt":{"rendered":"<p>Foie de volaille issus de nos poulets qui ont minimum 100 jours d&rsquo;\u00e9levage, bien nourris, bien \u00e9lev\u00e9s et ayant eu acc\u00e8s \u00e0 de l&rsquo;herbe sur un grand parcours. La quantit\u00e9 de foie peut \u00eatre restreinte en fonction du nombre de poulets que nous abattons chaque semaine. Poids : 250g 0.02 \u20ac\/g<\/p>\n","protected":false},"featured_media":70,"comment_status":"closed","ping_status":"closed","template":"","meta":[],"product_brand":[],"product_cat":[26,17],"product_tag":[],"class_list":{"0":"post-71","1":"product","2":"type-product","3":"status-publish","4":"has-post-thumbnail","6":"product_cat-earl-des-bouillots-viandes","7":"product_cat-viandes","9":"first","10":"instock","11":"virtual","12":"purchasable","13":"product-type-simple"},"_links":{"self":[{"href":"https:\/\/marche.seve-asso.fr\/boutique\/wp-json\/wp\/v2\/product\/71","targetHints":{"allow":["GET"]}}],"collection":[{"href":"https:\/\/marche.seve-asso.fr\/boutique\/wp-json\/wp\/v2\/product"}],"about":[{"href":"https:\/\/marche.seve-asso.fr\/boutique\/wp-json\/wp\/v2\/types\/product"}],"replies":[{"embeddable":true,"href":"https:\/\/marche.seve-asso.fr\/boutique\/wp-json\/wp\/v2\/comments?post=71"}],"wp:featuredmedia":[{"embeddable":true,"href":"https:\/\/marche.seve-asso.fr\/boutique\/wp-json\/wp\/v2\/media\/70"}],"wp:attachment":[{"href":"https:\/\/marche.seve-asso.fr\/boutique\/wp-json\/wp\/v2\/media?parent=71"}],"wp:term":[{"taxonomy":"product_brand","embeddable":true,"href":"https:\/\/marche.seve-asso.fr\/boutique\/wp-json\/wp\/v2\/product_brand?post=71"},{"taxonomy":"product_cat","embeddable":true,"href":"https:\/\/marche.seve-asso.fr\/boutique\/wp-json\/wp\/v2\/product_cat?post=71"},{"taxonomy":"product_tag","embeddable":true,"href":"https:\/\/marche.seve-asso.fr\/boutique\/wp-json\/wp\/v2\/product_tag?post=71"}],"curies":[{"name":"wp","href":"https:\/\/api.w.org\/{rel}","templated":true}]}}

<p>Foie de volaille issus de nos poulets qui ont minimum 100 jours d&rsquo;élevage, bien nourris, bien élevés et ayant eu accès à de l&rsquo;herbe sur un grand parcours.<br />
La quantité de foie peut être restreinte en fonction du nombre de poulets que nous abattons chaque semaine.</p>
<p><em>Poids : 250g</em></p>
<p><em>0.02 €/g</em></p>

<p>Foie de volaille issus de nos poulets qui ont minimum 100 jours d&rsquo;élevage, bien nourris, bien élevés et ayant eu accès à de l&rsquo;herbe sur un grand parcours. La quantité de foie peut être restreinte en fonction du nombre de poulets que nous abattons chaque semaine. Poids : 250g 0.02 €/g</p>
