{"id":697,"date":"2024-09-17T22:52:39","date_gmt":"2024-09-17T20:52:39","guid":{"rendered":"https:\/\/marche.seve-asso.fr\/boutique\/?post_type=product&#038;p=697"},"modified":"2025-06-18T16:12:41","modified_gmt":"2025-06-18T14:12:41","slug":"miel-de-fleurs-dete","status":"publish","type":"product","link":"https:\/\/marche.seve-asso.fr\/boutique\/produit\/miel-de-fleurs-dete\/","title":{"rendered":"Miel de fleurs d&rsquo;\u00e9t\u00e9"},"content":{"rendered":"<p>Miel de fleurs d&rsquo;\u00e9t\u00e9 r\u00e9colt\u00e9 le 27 juillet 2024. Une note de ch\u00e2taigner vient sublimer ce miel d&rsquo;\u00e9t\u00e9.<br \/>\nLa cristallisation est un ph\u00e9nom\u00e8ne naturel qui est plus ou moins rapide selon les vari\u00e9t\u00e9s florales (c&rsquo;est un gage de qualit\u00e9).<br \/>\nContenance : 500gr.<\/p>\n","protected":false},"excerpt":{"rendered":"<p>Miel de fleurs d&rsquo;\u00e9t\u00e9 r\u00e9colt\u00e9 le 27 juillet 2024. Une note de ch\u00e2taigner vient sublimer ce miel d&rsquo;\u00e9t\u00e9. La cristallisation est un ph\u00e9nom\u00e8ne naturel qui est plus ou moins rapide selon les vari\u00e9t\u00e9s florales (c&rsquo;est un gage de qualit\u00e9). Contenance : 500gr.<\/p>\n","protected":false},"featured_media":694,"comment_status":"closed","ping_status":"closed","template":"","meta":[],"product_brand":[],"product_cat":[40,39],"product_tag":[],"class_list":{"0":"post-697","1":"product","2":"type-product","3":"status-publish","4":"has-post-thumbnail","6":"product_cat-le_rucher_des_celestines","7":"product_cat-miel","9":"first","10":"instock","11":"shipping-taxable","12":"purchasable","13":"product-type-simple"},"_links":{"self":[{"href":"https:\/\/marche.seve-asso.fr\/boutique\/wp-json\/wp\/v2\/product\/697","targetHints":{"allow":["GET"]}}],"collection":[{"href":"https:\/\/marche.seve-asso.fr\/boutique\/wp-json\/wp\/v2\/product"}],"about":[{"href":"https:\/\/marche.seve-asso.fr\/boutique\/wp-json\/wp\/v2\/types\/product"}],"replies":[{"embeddable":true,"href":"https:\/\/marche.seve-asso.fr\/boutique\/wp-json\/wp\/v2\/comments?post=697"}],"wp:featuredmedia":[{"embeddable":true,"href":"https:\/\/marche.seve-asso.fr\/boutique\/wp-json\/wp\/v2\/media\/694"}],"wp:attachment":[{"href":"https:\/\/marche.seve-asso.fr\/boutique\/wp-json\/wp\/v2\/media?parent=697"}],"wp:term":[{"taxonomy":"product_brand","embeddable":true,"href":"https:\/\/marche.seve-asso.fr\/boutique\/wp-json\/wp\/v2\/product_brand?post=697"},{"taxonomy":"product_cat","embeddable":true,"href":"https:\/\/marche.seve-asso.fr\/boutique\/wp-json\/wp\/v2\/product_cat?post=697"},{"taxonomy":"product_tag","embeddable":true,"href":"https:\/\/marche.seve-asso.fr\/boutique\/wp-json\/wp\/v2\/product_tag?post=697"}],"curies":[{"name":"wp","href":"https:\/\/api.w.org\/{rel}","templated":true}]}}

Miel de fleurs d&rsquo;été

<p>Miel de fleurs d&rsquo;été récolté le 27 juillet 2024. Une note de châtaigner vient sublimer ce miel d&rsquo;été.<br />
La cristallisation est un phénomène naturel qui est plus ou moins rapide selon les variétés florales (c&rsquo;est un gage de qualité).<br />
Contenance : 500gr.</p>

<p>Miel de fleurs d&rsquo;été récolté le 27 juillet 2024. Une note de châtaigner vient sublimer ce miel d&rsquo;été. La cristallisation est un phénomène naturel qui est plus ou moins rapide selon les variétés florales (c&rsquo;est un gage de qualité). Contenance : 500gr.</p>
