{"id":681,"date":"2024-09-05T15:19:18","date_gmt":"2024-09-05T13:19:18","guid":{"rendered":"https:\/\/marche.seve-asso.fr\/boutique\/?post_type=product&#038;p=681"},"modified":"2024-09-05T15:19:19","modified_gmt":"2024-09-05T13:19:19","slug":"poulet-a-la-creme-600g","status":"publish","type":"product","link":"https:\/\/marche.seve-asso.fr\/boutique\/produit\/poulet-a-la-creme-600g\/","title":{"rendered":"Poulet \u00e0 la cr\u00e8me (600g)"},"content":{"rendered":"<p>Poulet cuisin\u00e9 \u00e0 la cr\u00e8me (600g)<\/p>\n","protected":false},"excerpt":{"rendered":"<p>Poulet cuisin\u00e9 \u00e0 la cr\u00e8me (600g)<\/p>\n","protected":false},"featured_media":0,"comment_status":"closed","ping_status":"closed","template":"","meta":[],"product_brand":[],"product_cat":[26,17],"product_tag":[],"class_list":{"0":"post-681","1":"product","2":"type-product","3":"status-publish","5":"product_cat-earl-des-bouillots-viandes","6":"product_cat-viandes","8":"first","9":"instock","10":"shipping-taxable","11":"purchasable","12":"product-type-simple"},"_links":{"self":[{"href":"https:\/\/marche.seve-asso.fr\/boutique\/wp-json\/wp\/v2\/product\/681","targetHints":{"allow":["GET"]}}],"collection":[{"href":"https:\/\/marche.seve-asso.fr\/boutique\/wp-json\/wp\/v2\/product"}],"about":[{"href":"https:\/\/marche.seve-asso.fr\/boutique\/wp-json\/wp\/v2\/types\/product"}],"replies":[{"embeddable":true,"href":"https:\/\/marche.seve-asso.fr\/boutique\/wp-json\/wp\/v2\/comments?post=681"}],"wp:attachment":[{"href":"https:\/\/marche.seve-asso.fr\/boutique\/wp-json\/wp\/v2\/media?parent=681"}],"wp:term":[{"taxonomy":"product_brand","embeddable":true,"href":"https:\/\/marche.seve-asso.fr\/boutique\/wp-json\/wp\/v2\/product_brand?post=681"},{"taxonomy":"product_cat","embeddable":true,"href":"https:\/\/marche.seve-asso.fr\/boutique\/wp-json\/wp\/v2\/product_cat?post=681"},{"taxonomy":"product_tag","embeddable":true,"href":"https:\/\/marche.seve-asso.fr\/boutique\/wp-json\/wp\/v2\/product_tag?post=681"}],"curies":[{"name":"wp","href":"https:\/\/api.w.org\/{rel}","templated":true}]}}