{"id":662,"date":"2024-08-18T15:31:45","date_gmt":"2024-08-18T13:31:45","guid":{"rendered":"https:\/\/marche.seve-asso.fr\/boutique\/?post_type=product&#038;p=662"},"modified":"2024-12-10T14:11:42","modified_gmt":"2024-12-10T13:11:42","slug":"miel-cremeux-de-cornouiller-sanguin","status":"publish","type":"product","link":"https:\/\/marche.seve-asso.fr\/boutique\/produit\/miel-cremeux-de-cornouiller-sanguin\/","title":{"rendered":"Miel cr\u00e9meux de cornouiller sanguin"},"content":{"rendered":"<p>Miel cr\u00e9meux r\u00e9colt\u00e9 le 25 \/05\/2024 tendance fleur de cornouiller sanguin, un go\u00fbt subtil mais bien pr\u00e9sent.<br \/>\nContenance : 500gr.<\/p>\n","protected":false},"excerpt":{"rendered":"<p>Miel cr\u00e9meux r\u00e9colt\u00e9 le 25 \/05\/2024 tendance fleur de cornouiller sanguin, un go\u00fbt subtil mais bien pr\u00e9sent. Contenance : 500gr.<\/p>\n","protected":false},"featured_media":693,"comment_status":"closed","ping_status":"closed","template":"","meta":[],"product_brand":[],"product_cat":[40],"product_tag":[],"class_list":{"0":"post-662","1":"product","2":"type-product","3":"status-publish","4":"has-post-thumbnail","6":"product_cat-le_rucher_des_celestines","8":"first","9":"outofstock","10":"shipping-taxable","11":"purchasable","12":"product-type-simple"},"_links":{"self":[{"href":"https:\/\/marche.seve-asso.fr\/boutique\/wp-json\/wp\/v2\/product\/662","targetHints":{"allow":["GET"]}}],"collection":[{"href":"https:\/\/marche.seve-asso.fr\/boutique\/wp-json\/wp\/v2\/product"}],"about":[{"href":"https:\/\/marche.seve-asso.fr\/boutique\/wp-json\/wp\/v2\/types\/product"}],"replies":[{"embeddable":true,"href":"https:\/\/marche.seve-asso.fr\/boutique\/wp-json\/wp\/v2\/comments?post=662"}],"wp:featuredmedia":[{"embeddable":true,"href":"https:\/\/marche.seve-asso.fr\/boutique\/wp-json\/wp\/v2\/media\/693"}],"wp:attachment":[{"href":"https:\/\/marche.seve-asso.fr\/boutique\/wp-json\/wp\/v2\/media?parent=662"}],"wp:term":[{"taxonomy":"product_brand","embeddable":true,"href":"https:\/\/marche.seve-asso.fr\/boutique\/wp-json\/wp\/v2\/product_brand?post=662"},{"taxonomy":"product_cat","embeddable":true,"href":"https:\/\/marche.seve-asso.fr\/boutique\/wp-json\/wp\/v2\/product_cat?post=662"},{"taxonomy":"product_tag","embeddable":true,"href":"https:\/\/marche.seve-asso.fr\/boutique\/wp-json\/wp\/v2\/product_tag?post=662"}],"curies":[{"name":"wp","href":"https:\/\/api.w.org\/{rel}","templated":true}]}}