{"id":661,"date":"2024-08-18T15:31:01","date_gmt":"2024-08-18T13:31:01","guid":{"rendered":"https:\/\/marche.seve-asso.fr\/boutique\/?post_type=product&#038;p=661"},"modified":"2025-12-15T11:04:02","modified_gmt":"2025-12-15T10:04:02","slug":"miel-cremeux-de-printemps","status":"publish","type":"product","link":"https:\/\/marche.seve-asso.fr\/boutique\/produit\/miel-cremeux-de-printemps\/","title":{"rendered":"Miel cr\u00e9meux de printemps"},"content":{"rendered":"<p>Miel de fruitiers et colza. Ce miel cr\u00e9meux de printemps a \u00e9t\u00e9 r\u00e9colt\u00e9 le 01\/05\/25.<br \/>\nContenance : 500gr.<\/p>\n","protected":false},"excerpt":{"rendered":"<p>Miel de fruitiers et colza. Ce miel cr\u00e9meux de printemps a \u00e9t\u00e9 r\u00e9colt\u00e9 le 01\/05\/25. Contenance : 500gr.<\/p>\n","protected":false},"featured_media":692,"comment_status":"closed","ping_status":"closed","template":"","meta":[],"product_brand":[],"product_cat":[40],"product_tag":[],"class_list":{"0":"post-661","1":"product","2":"type-product","3":"status-publish","4":"has-post-thumbnail","6":"product_cat-le_rucher_des_celestines","8":"first","9":"instock","10":"shipping-taxable","11":"purchasable","12":"product-type-simple"},"_links":{"self":[{"href":"https:\/\/marche.seve-asso.fr\/boutique\/wp-json\/wp\/v2\/product\/661","targetHints":{"allow":["GET"]}}],"collection":[{"href":"https:\/\/marche.seve-asso.fr\/boutique\/wp-json\/wp\/v2\/product"}],"about":[{"href":"https:\/\/marche.seve-asso.fr\/boutique\/wp-json\/wp\/v2\/types\/product"}],"replies":[{"embeddable":true,"href":"https:\/\/marche.seve-asso.fr\/boutique\/wp-json\/wp\/v2\/comments?post=661"}],"wp:featuredmedia":[{"embeddable":true,"href":"https:\/\/marche.seve-asso.fr\/boutique\/wp-json\/wp\/v2\/media\/692"}],"wp:attachment":[{"href":"https:\/\/marche.seve-asso.fr\/boutique\/wp-json\/wp\/v2\/media?parent=661"}],"wp:term":[{"taxonomy":"product_brand","embeddable":true,"href":"https:\/\/marche.seve-asso.fr\/boutique\/wp-json\/wp\/v2\/product_brand?post=661"},{"taxonomy":"product_cat","embeddable":true,"href":"https:\/\/marche.seve-asso.fr\/boutique\/wp-json\/wp\/v2\/product_cat?post=661"},{"taxonomy":"product_tag","embeddable":true,"href":"https:\/\/marche.seve-asso.fr\/boutique\/wp-json\/wp\/v2\/product_tag?post=661"}],"curies":[{"name":"wp","href":"https:\/\/api.w.org\/{rel}","templated":true}]}}

Miel crémeux de printemps

<p>Miel de fruitiers et colza. Ce miel crémeux de printemps a été récolté le 01/05/25.<br />
Contenance : 500gr.</p>

<p>Miel de fruitiers et colza. Ce miel crémeux de printemps a été récolté le 01/05/25. Contenance : 500gr.</p>
