{"id":63,"date":"2023-02-01T10:03:23","date_gmt":"2023-02-01T09:03:23","guid":{"rendered":"https:\/\/marche.seve-asso.fr\/boutique\/?post_type=product&#038;p=63"},"modified":"2024-09-05T15:12:33","modified_gmt":"2024-09-05T13:12:33","slug":"cuisse-de-pintade-fermiere-12kg","status":"publish","type":"product","link":"https:\/\/marche.seve-asso.fr\/boutique\/produit\/cuisse-de-pintade-fermiere-12kg\/","title":{"rendered":"Cuisse de pintade fermi\u00e8re (1,2 kg)"},"content":{"rendered":"<p>Pintade de minimum 95 jours d&rsquo;\u00e9levage, bien nourris, bien \u00e9lev\u00e9s et ayant eu acc\u00e8s \u00e0 de l&rsquo;herbe sur un grand parcours.<br \/>\nBien s\u00fbr nous ne sommes pas dans un \u00e9levage industriel, nos pintades ne feront jamais le m\u00eame poids, donc le poids des cuisses peut varier de 250 \u00e0 350 grammes. C&rsquo;est pour cela qu&rsquo;un r\u00e9ajustement de prix sera effectu\u00e9 lors de la remise des cuisses de pintade s\u2019il y a un \u00e9cart de plus ou moins 60 grammes, sachant que le prix est de 17.6\u20ac le Kg.<\/p>\n<p><em>Poids : 1,2 kg<\/em><\/p>\n<p><i>17.67 \u20ac\/Kg<\/i><\/p>\n","protected":false},"excerpt":{"rendered":"<p>Pintade de minimum 95 jours d&rsquo;\u00e9levage, bien nourris, bien \u00e9lev\u00e9s et ayant eu acc\u00e8s \u00e0 de l&rsquo;herbe sur un grand parcours. Bien s\u00fbr nous ne sommes pas dans un \u00e9levage industriel, nos pintades ne feront jamais le m\u00eame poids, donc le poids des cuisses peut varier de 250 \u00e0 350 grammes. C&rsquo;est pour cela qu&rsquo;un [&hellip;]<\/p>\n","protected":false},"featured_media":62,"comment_status":"closed","ping_status":"closed","template":"","meta":[],"product_brand":[],"product_cat":[26,17],"product_tag":[],"class_list":{"0":"post-63","1":"product","2":"type-product","3":"status-publish","4":"has-post-thumbnail","6":"product_cat-earl-des-bouillots-viandes","7":"product_cat-viandes","9":"first","10":"instock","11":"virtual","12":"purchasable","13":"product-type-simple"},"_links":{"self":[{"href":"https:\/\/marche.seve-asso.fr\/boutique\/wp-json\/wp\/v2\/product\/63","targetHints":{"allow":["GET"]}}],"collection":[{"href":"https:\/\/marche.seve-asso.fr\/boutique\/wp-json\/wp\/v2\/product"}],"about":[{"href":"https:\/\/marche.seve-asso.fr\/boutique\/wp-json\/wp\/v2\/types\/product"}],"replies":[{"embeddable":true,"href":"https:\/\/marche.seve-asso.fr\/boutique\/wp-json\/wp\/v2\/comments?post=63"}],"wp:featuredmedia":[{"embeddable":true,"href":"https:\/\/marche.seve-asso.fr\/boutique\/wp-json\/wp\/v2\/media\/62"}],"wp:attachment":[{"href":"https:\/\/marche.seve-asso.fr\/boutique\/wp-json\/wp\/v2\/media?parent=63"}],"wp:term":[{"taxonomy":"product_brand","embeddable":true,"href":"https:\/\/marche.seve-asso.fr\/boutique\/wp-json\/wp\/v2\/product_brand?post=63"},{"taxonomy":"product_cat","embeddable":true,"href":"https:\/\/marche.seve-asso.fr\/boutique\/wp-json\/wp\/v2\/product_cat?post=63"},{"taxonomy":"product_tag","embeddable":true,"href":"https:\/\/marche.seve-asso.fr\/boutique\/wp-json\/wp\/v2\/product_tag?post=63"}],"curies":[{"name":"wp","href":"https:\/\/api.w.org\/{rel}","templated":true}]}}

Cuisse de pintade fermière (1,2 kg)

<p>Pintade de minimum 95 jours d&rsquo;élevage, bien nourris, bien élevés et ayant eu accès à de l&rsquo;herbe sur un grand parcours.<br />
Bien sûr nous ne sommes pas dans un élevage industriel, nos pintades ne feront jamais le même poids, donc le poids des cuisses peut varier de 250 à 350 grammes. C&rsquo;est pour cela qu&rsquo;un réajustement de prix sera effectué lors de la remise des cuisses de pintade s’il y a un écart de plus ou moins 60 grammes, sachant que le prix est de 17.6€ le Kg.</p>
<p><em>Poids : 1,2 kg</em></p>
<p><i>17.67 €/Kg</i></p>

<p>Pintade de minimum 95 jours d&rsquo;élevage, bien nourris, bien élevés et ayant eu accès à de l&rsquo;herbe sur un grand parcours. Bien sûr nous ne sommes pas dans un élevage industriel, nos pintades ne feront jamais le même poids, donc le poids des cuisses peut varier de 250 à 350 grammes. C&rsquo;est pour cela qu&rsquo;un [&hellip;]</p>
