{"id":60,"date":"2023-02-01T09:58:35","date_gmt":"2023-02-01T08:58:35","guid":{"rendered":"https:\/\/marche.seve-asso.fr\/boutique\/?post_type=product&#038;p=60"},"modified":"2024-09-04T14:27:35","modified_gmt":"2024-09-04T12:27:35","slug":"blanc-de-poulet-fermier-1-kg","status":"publish","type":"product","link":"https:\/\/marche.seve-asso.fr\/boutique\/produit\/blanc-de-poulet-fermier-1-kg\/","title":{"rendered":"Blanc de poulet fermier (1 kg)"},"content":{"rendered":"<p>Poulet de minimum 100 jours d&rsquo;\u00e9levage, bien nourris, bien \u00e9lev\u00e9s et ayant eu acc\u00e8s \u00e0 de l&rsquo;herbe sur un grand parcours.<br \/>\nBien s\u00fbr nous ne sommes pas dans un \u00e9levage industriel, nos poulets ne feront donc jamais le m\u00eame poids ce pourquoi le poids des blancs peut varier de 150 \u00e0 300 grammes. C&rsquo;est pour cela qu&rsquo;un r\u00e9ajustement de prix sera effectu\u00e9 lors de la remise des cuisses de poulets s&rsquo;il y a un \u00e9cart de plus ou moins 60 grammes, sachant que le prix est de 19.5\u20ac le Kg.<br \/>\nPS : Nous estimons que trois blancs font 600 grammes.<\/p>\n<p><em>Poids : 1 kg<\/em><\/p>\n<p><i>19.5 \u20ac\/Kg<\/i><\/p>\n","protected":false},"excerpt":{"rendered":"<p>Poulet de minimum 100 jours d&rsquo;\u00e9levage, bien nourris, bien \u00e9lev\u00e9s et ayant eu acc\u00e8s \u00e0 de l&rsquo;herbe sur un grand parcours. Bien s\u00fbr nous ne sommes pas dans un \u00e9levage industriel, nos poulets ne feront donc jamais le m\u00eame poids ce pourquoi le poids des blancs peut varier de 150 \u00e0 300 grammes. C&rsquo;est pour [&hellip;]<\/p>\n","protected":false},"featured_media":58,"comment_status":"closed","ping_status":"closed","template":"","meta":[],"product_brand":[],"product_cat":[26,17],"product_tag":[],"class_list":{"0":"post-60","1":"product","2":"type-product","3":"status-publish","4":"has-post-thumbnail","6":"product_cat-earl-des-bouillots-viandes","7":"product_cat-viandes","9":"first","10":"instock","11":"virtual","12":"purchasable","13":"product-type-simple"},"_links":{"self":[{"href":"https:\/\/marche.seve-asso.fr\/boutique\/wp-json\/wp\/v2\/product\/60","targetHints":{"allow":["GET"]}}],"collection":[{"href":"https:\/\/marche.seve-asso.fr\/boutique\/wp-json\/wp\/v2\/product"}],"about":[{"href":"https:\/\/marche.seve-asso.fr\/boutique\/wp-json\/wp\/v2\/types\/product"}],"replies":[{"embeddable":true,"href":"https:\/\/marche.seve-asso.fr\/boutique\/wp-json\/wp\/v2\/comments?post=60"}],"wp:featuredmedia":[{"embeddable":true,"href":"https:\/\/marche.seve-asso.fr\/boutique\/wp-json\/wp\/v2\/media\/58"}],"wp:attachment":[{"href":"https:\/\/marche.seve-asso.fr\/boutique\/wp-json\/wp\/v2\/media?parent=60"}],"wp:term":[{"taxonomy":"product_brand","embeddable":true,"href":"https:\/\/marche.seve-asso.fr\/boutique\/wp-json\/wp\/v2\/product_brand?post=60"},{"taxonomy":"product_cat","embeddable":true,"href":"https:\/\/marche.seve-asso.fr\/boutique\/wp-json\/wp\/v2\/product_cat?post=60"},{"taxonomy":"product_tag","embeddable":true,"href":"https:\/\/marche.seve-asso.fr\/boutique\/wp-json\/wp\/v2\/product_tag?post=60"}],"curies":[{"name":"wp","href":"https:\/\/api.w.org\/{rel}","templated":true}]}}

<p>Poulet de minimum 100 jours d&rsquo;élevage, bien nourris, bien élevés et ayant eu accès à de l&rsquo;herbe sur un grand parcours.<br />
Bien sûr nous ne sommes pas dans un élevage industriel, nos poulets ne feront donc jamais le même poids ce pourquoi le poids des blancs peut varier de 150 à 300 grammes. C&rsquo;est pour cela qu&rsquo;un réajustement de prix sera effectué lors de la remise des cuisses de poulets s&rsquo;il y a un écart de plus ou moins 60 grammes, sachant que le prix est de 19.5€ le Kg.<br />
PS : Nous estimons que trois blancs font 600 grammes.</p>
<p><em>Poids : 1 kg</em></p>
<p><i>19.5 €/Kg</i></p>

<p>Poulet de minimum 100 jours d&rsquo;élevage, bien nourris, bien élevés et ayant eu accès à de l&rsquo;herbe sur un grand parcours. Bien sûr nous ne sommes pas dans un élevage industriel, nos poulets ne feront donc jamais le même poids ce pourquoi le poids des blancs peut varier de 150 à 300 grammes. C&rsquo;est pour [&hellip;]</p>
