{"id":548,"date":"2024-03-19T11:58:18","date_gmt":"2024-03-19T10:58:18","guid":{"rendered":"https:\/\/marche.seve-asso.fr\/boutique\/?post_type=product&#038;p=548"},"modified":"2024-09-04T14:18:04","modified_gmt":"2024-09-04T12:18:04","slug":"rillettes-de-poulet-tomates-sechees-et-herbes-de-provence","status":"publish","type":"product","link":"https:\/\/marche.seve-asso.fr\/boutique\/produit\/rillettes-de-poulet-tomates-sechees-et-herbes-de-provence\/","title":{"rendered":"Rillettes de poulet, tomates s\u00e9ch\u00e9es et herbes de Provence"},"content":{"rendered":"<p>Rillettes de poulet, tomates s\u00e9ch\u00e9es et herbes de Provence (pot 180gr).<\/p>\n","protected":false},"excerpt":{"rendered":"<p>Rillettes de poulet, tomates s\u00e9ch\u00e9es et herbes de Provence (pot 180gr).<\/p>\n","protected":false},"featured_media":549,"comment_status":"closed","ping_status":"closed","template":"","meta":[],"product_brand":[],"product_cat":[26,17],"product_tag":[],"class_list":{"0":"post-548","1":"product","2":"type-product","3":"status-publish","4":"has-post-thumbnail","6":"product_cat-earl-des-bouillots-viandes","7":"product_cat-viandes","9":"first","10":"instock","11":"shipping-taxable","12":"purchasable","13":"product-type-simple"},"_links":{"self":[{"href":"https:\/\/marche.seve-asso.fr\/boutique\/wp-json\/wp\/v2\/product\/548","targetHints":{"allow":["GET"]}}],"collection":[{"href":"https:\/\/marche.seve-asso.fr\/boutique\/wp-json\/wp\/v2\/product"}],"about":[{"href":"https:\/\/marche.seve-asso.fr\/boutique\/wp-json\/wp\/v2\/types\/product"}],"replies":[{"embeddable":true,"href":"https:\/\/marche.seve-asso.fr\/boutique\/wp-json\/wp\/v2\/comments?post=548"}],"wp:featuredmedia":[{"embeddable":true,"href":"https:\/\/marche.seve-asso.fr\/boutique\/wp-json\/wp\/v2\/media\/549"}],"wp:attachment":[{"href":"https:\/\/marche.seve-asso.fr\/boutique\/wp-json\/wp\/v2\/media?parent=548"}],"wp:term":[{"taxonomy":"product_brand","embeddable":true,"href":"https:\/\/marche.seve-asso.fr\/boutique\/wp-json\/wp\/v2\/product_brand?post=548"},{"taxonomy":"product_cat","embeddable":true,"href":"https:\/\/marche.seve-asso.fr\/boutique\/wp-json\/wp\/v2\/product_cat?post=548"},{"taxonomy":"product_tag","embeddable":true,"href":"https:\/\/marche.seve-asso.fr\/boutique\/wp-json\/wp\/v2\/product_tag?post=548"}],"curies":[{"name":"wp","href":"https:\/\/api.w.org\/{rel}","templated":true}]}}

Rillettes de poulet, tomates séchées et herbes de Provence

<p>Rillettes de poulet, tomates séchées et herbes de Provence (pot 180gr).</p>
