{"id":53,"date":"2023-02-01T09:51:12","date_gmt":"2023-02-01T08:51:12","guid":{"rendered":"https:\/\/marche.seve-asso.fr\/boutique\/?post_type=product&#038;p=53"},"modified":"2024-08-18T16:07:37","modified_gmt":"2024-08-18T14:07:37","slug":"poulet-fermier-decoupe-1-u","status":"publish","type":"product","link":"https:\/\/marche.seve-asso.fr\/boutique\/produit\/poulet-fermier-decoupe-1-u\/","title":{"rendered":"Poulet fermier d\u00e9coup\u00e9"},"content":{"rendered":"<p>Poulet de minimum 100 jours d&rsquo;\u00e9levage, bien nourris, bien \u00e9lev\u00e9s et ayant eu acc\u00e8s \u00e0 de l&rsquo;herbe sur un grand parcours.<br \/>\nDans ce produit je vous propose l&rsquo;ensemble d&rsquo;un poulet fermier d\u00e9coup\u00e9 id\u00e9ale pour faire deux repas : un repas avec les blancs et un repas avec les deux cuisses et les ailes pour faire dorer au four. Donc pour un total de 500 grammes de blanc, 700 grammes de cuisses et 200 grammes d&rsquo;ailes.<\/p>\n<p>Quantit\u00e9 : 1 unit\u00e9<\/p>\n<p><i>21.50 \u20ac\/U<\/i><\/p>\n<p>&nbsp;<\/p>\n","protected":false},"excerpt":{"rendered":"<p>Poulet de minimum 100 jours d&rsquo;\u00e9levage, bien nourris, bien \u00e9lev\u00e9s et ayant eu acc\u00e8s \u00e0 de l&rsquo;herbe sur un grand parcours. Dans ce produit je vous propose l&rsquo;ensemble d&rsquo;un poulet fermier d\u00e9coup\u00e9 id\u00e9ale pour faire deux repas : un repas avec les blancs et un repas avec les deux cuisses et les ailes pour faire [&hellip;]<\/p>\n","protected":false},"featured_media":54,"comment_status":"closed","ping_status":"closed","template":"","meta":[],"product_brand":[],"product_cat":[26,17],"product_tag":[],"class_list":{"0":"post-53","1":"product","2":"type-product","3":"status-publish","4":"has-post-thumbnail","6":"product_cat-earl-des-bouillots-viandes","7":"product_cat-viandes","9":"first","10":"instock","11":"virtual","12":"purchasable","13":"product-type-simple"},"_links":{"self":[{"href":"https:\/\/marche.seve-asso.fr\/boutique\/wp-json\/wp\/v2\/product\/53","targetHints":{"allow":["GET"]}}],"collection":[{"href":"https:\/\/marche.seve-asso.fr\/boutique\/wp-json\/wp\/v2\/product"}],"about":[{"href":"https:\/\/marche.seve-asso.fr\/boutique\/wp-json\/wp\/v2\/types\/product"}],"replies":[{"embeddable":true,"href":"https:\/\/marche.seve-asso.fr\/boutique\/wp-json\/wp\/v2\/comments?post=53"}],"wp:featuredmedia":[{"embeddable":true,"href":"https:\/\/marche.seve-asso.fr\/boutique\/wp-json\/wp\/v2\/media\/54"}],"wp:attachment":[{"href":"https:\/\/marche.seve-asso.fr\/boutique\/wp-json\/wp\/v2\/media?parent=53"}],"wp:term":[{"taxonomy":"product_brand","embeddable":true,"href":"https:\/\/marche.seve-asso.fr\/boutique\/wp-json\/wp\/v2\/product_brand?post=53"},{"taxonomy":"product_cat","embeddable":true,"href":"https:\/\/marche.seve-asso.fr\/boutique\/wp-json\/wp\/v2\/product_cat?post=53"},{"taxonomy":"product_tag","embeddable":true,"href":"https:\/\/marche.seve-asso.fr\/boutique\/wp-json\/wp\/v2\/product_tag?post=53"}],"curies":[{"name":"wp","href":"https:\/\/api.w.org\/{rel}","templated":true}]}}

Poulet fermier découpé

<p>Poulet de minimum 100 jours d&rsquo;élevage, bien nourris, bien élevés et ayant eu accès à de l&rsquo;herbe sur un grand parcours.<br />
Dans ce produit je vous propose l&rsquo;ensemble d&rsquo;un poulet fermier découpé idéale pour faire deux repas : un repas avec les blancs et un repas avec les deux cuisses et les ailes pour faire dorer au four. Donc pour un total de 500 grammes de blanc, 700 grammes de cuisses et 200 grammes d&rsquo;ailes.</p>
<p>Quantité : 1 unité</p>
<p><i>21.50 €/U</i></p>
<p>&nbsp;</p>

<p>Poulet de minimum 100 jours d&rsquo;élevage, bien nourris, bien élevés et ayant eu accès à de l&rsquo;herbe sur un grand parcours. Dans ce produit je vous propose l&rsquo;ensemble d&rsquo;un poulet fermier découpé idéale pour faire deux repas : un repas avec les blancs et un repas avec les deux cuisses et les ailes pour faire [&hellip;]</p>
