{"id":500,"date":"2024-01-22T19:28:55","date_gmt":"2024-01-22T18:28:55","guid":{"rendered":"https:\/\/marche.seve-asso.fr\/boutique\/?post_type=product&#038;p=500"},"modified":"2024-12-09T09:33:37","modified_gmt":"2024-12-09T08:33:37","slug":"miel-tilleul","status":"publish","type":"product","link":"https:\/\/marche.seve-asso.fr\/boutique\/produit\/miel-tilleul\/","title":{"rendered":"Miel tilleul"},"content":{"rendered":"<p>Miel butin\u00e9 majoritairement sur les fleurs de tilleuls.<br \/>\nMiel r\u00e9colt\u00e9 le 7 juillet 2024 le parfum sublime des fleurs de Tilleul<br \/>\nCe miel est disponible cr\u00e9meux et cristallis\u00e9.<br \/>\nContenance : 500gr.<\/p>\n","protected":false},"excerpt":{"rendered":"<p>Miel butin\u00e9 majoritairement sur les fleurs de tilleuls. Miel r\u00e9colt\u00e9 le 7 juillet 2024 le parfum sublime des fleurs de Tilleul Ce miel est disponible cr\u00e9meux et cristallis\u00e9. Contenance : 500gr.<\/p>\n","protected":false},"featured_media":498,"comment_status":"closed","ping_status":"closed","template":"","meta":[],"product_brand":[],"product_cat":[40],"product_tag":[],"class_list":{"0":"post-500","1":"product","2":"type-product","3":"status-publish","4":"has-post-thumbnail","6":"product_cat-le_rucher_des_celestines","8":"first","9":"instock","10":"shipping-taxable","11":"purchasable","12":"product-type-simple"},"_links":{"self":[{"href":"https:\/\/marche.seve-asso.fr\/boutique\/wp-json\/wp\/v2\/product\/500","targetHints":{"allow":["GET"]}}],"collection":[{"href":"https:\/\/marche.seve-asso.fr\/boutique\/wp-json\/wp\/v2\/product"}],"about":[{"href":"https:\/\/marche.seve-asso.fr\/boutique\/wp-json\/wp\/v2\/types\/product"}],"replies":[{"embeddable":true,"href":"https:\/\/marche.seve-asso.fr\/boutique\/wp-json\/wp\/v2\/comments?post=500"}],"wp:featuredmedia":[{"embeddable":true,"href":"https:\/\/marche.seve-asso.fr\/boutique\/wp-json\/wp\/v2\/media\/498"}],"wp:attachment":[{"href":"https:\/\/marche.seve-asso.fr\/boutique\/wp-json\/wp\/v2\/media?parent=500"}],"wp:term":[{"taxonomy":"product_brand","embeddable":true,"href":"https:\/\/marche.seve-asso.fr\/boutique\/wp-json\/wp\/v2\/product_brand?post=500"},{"taxonomy":"product_cat","embeddable":true,"href":"https:\/\/marche.seve-asso.fr\/boutique\/wp-json\/wp\/v2\/product_cat?post=500"},{"taxonomy":"product_tag","embeddable":true,"href":"https:\/\/marche.seve-asso.fr\/boutique\/wp-json\/wp\/v2\/product_tag?post=500"}],"curies":[{"name":"wp","href":"https:\/\/api.w.org\/{rel}","templated":true}]}}

<p>Miel butiné majoritairement sur les fleurs de tilleuls.<br />
Miel récolté le 7 juillet 2024 le parfum sublime des fleurs de Tilleul<br />
Ce miel est disponible crémeux et cristallisé.<br />
Contenance : 500gr.</p>

<p>Miel butiné majoritairement sur les fleurs de tilleuls. Miel récolté le 7 juillet 2024 le parfum sublime des fleurs de Tilleul Ce miel est disponible crémeux et cristallisé. Contenance : 500gr.</p>
