{"id":47,"date":"2023-02-01T09:41:03","date_gmt":"2023-02-01T08:41:03","guid":{"rendered":"https:\/\/marche.seve-asso.fr\/boutique\/?post_type=product&#038;p=47"},"modified":"2024-09-05T15:17:17","modified_gmt":"2024-09-05T13:17:17","slug":"pintade-entiere-fermiere-18-kg","status":"publish","type":"product","link":"https:\/\/marche.seve-asso.fr\/boutique\/produit\/pintade-entiere-fermiere-18-kg\/","title":{"rendered":"Pintade enti\u00e8re fermi\u00e8re (1,8 kg)"},"content":{"rendered":"<p>Pintade de minimum 95 jours d&rsquo;\u00e9levage, bien nourris, bien \u00e9lev\u00e9s et ayant eu acc\u00e8s \u00e0 de l&rsquo;herbe sur un grand parcours.<br \/>\nBien s\u00fbr nous ne sommes pas dans un \u00e9levage industriel, nos pintades ne feront jamais 1.5Kg. Le prix est de 11,22\u20ac le Kg.<\/p>\n<p><em>Poids : 1,8 kg<\/em><\/p>\n<p><i>11.22 \u20ac\/Kg<\/i><\/p>\n","protected":false},"excerpt":{"rendered":"<p>Pintade de minimum 95 jours d&rsquo;\u00e9levage, bien nourris, bien \u00e9lev\u00e9s et ayant eu acc\u00e8s \u00e0 de l&rsquo;herbe sur un grand parcours. Bien s\u00fbr nous ne sommes pas dans un \u00e9levage industriel, nos pintades ne feront jamais 1.5Kg. Le prix est de 11,22\u20ac le Kg. Poids : 1,8 kg 11.22 \u20ac\/Kg<\/p>\n","protected":false},"featured_media":45,"comment_status":"closed","ping_status":"closed","template":"","meta":[],"product_brand":[],"product_cat":[26,17],"product_tag":[],"class_list":{"0":"post-47","1":"product","2":"type-product","3":"status-publish","4":"has-post-thumbnail","6":"product_cat-earl-des-bouillots-viandes","7":"product_cat-viandes","9":"first","10":"instock","11":"virtual","12":"purchasable","13":"product-type-simple"},"_links":{"self":[{"href":"https:\/\/marche.seve-asso.fr\/boutique\/wp-json\/wp\/v2\/product\/47","targetHints":{"allow":["GET"]}}],"collection":[{"href":"https:\/\/marche.seve-asso.fr\/boutique\/wp-json\/wp\/v2\/product"}],"about":[{"href":"https:\/\/marche.seve-asso.fr\/boutique\/wp-json\/wp\/v2\/types\/product"}],"replies":[{"embeddable":true,"href":"https:\/\/marche.seve-asso.fr\/boutique\/wp-json\/wp\/v2\/comments?post=47"}],"wp:featuredmedia":[{"embeddable":true,"href":"https:\/\/marche.seve-asso.fr\/boutique\/wp-json\/wp\/v2\/media\/45"}],"wp:attachment":[{"href":"https:\/\/marche.seve-asso.fr\/boutique\/wp-json\/wp\/v2\/media?parent=47"}],"wp:term":[{"taxonomy":"product_brand","embeddable":true,"href":"https:\/\/marche.seve-asso.fr\/boutique\/wp-json\/wp\/v2\/product_brand?post=47"},{"taxonomy":"product_cat","embeddable":true,"href":"https:\/\/marche.seve-asso.fr\/boutique\/wp-json\/wp\/v2\/product_cat?post=47"},{"taxonomy":"product_tag","embeddable":true,"href":"https:\/\/marche.seve-asso.fr\/boutique\/wp-json\/wp\/v2\/product_tag?post=47"}],"curies":[{"name":"wp","href":"https:\/\/api.w.org\/{rel}","templated":true}]}}

Pintade entière fermière (1,8 kg)

<p>Pintade de minimum 95 jours d&rsquo;élevage, bien nourris, bien élevés et ayant eu accès à de l&rsquo;herbe sur un grand parcours.<br />
Bien sûr nous ne sommes pas dans un élevage industriel, nos pintades ne feront jamais 1.5Kg. Le prix est de 11,22€ le Kg.</p>
<p><em>Poids : 1,8 kg</em></p>
<p><i>11.22 €/Kg</i></p>

<p>Pintade de minimum 95 jours d&rsquo;élevage, bien nourris, bien élevés et ayant eu accès à de l&rsquo;herbe sur un grand parcours. Bien sûr nous ne sommes pas dans un élevage industriel, nos pintades ne feront jamais 1.5Kg. Le prix est de 11,22€ le Kg. Poids : 1,8 kg 11.22 €/Kg</p>
