{"id":439,"date":"2023-11-06T13:49:16","date_gmt":"2023-11-06T12:49:16","guid":{"rendered":"https:\/\/marche.seve-asso.fr\/boutique\/?post_type=product&#038;p=439"},"modified":"2024-09-04T14:19:33","modified_gmt":"2024-09-04T12:19:33","slug":"cous-de-poulet-par-4","status":"publish","type":"product","link":"https:\/\/marche.seve-asso.fr\/boutique\/produit\/cous-de-poulet-par-4\/","title":{"rendered":"Cous de poulet (par 4)"},"content":{"rendered":"<p>Cou issus d&rsquo;un poulet de minimum 100 jours d&rsquo;\u00e9levage, bien nourris, bien \u00e9lev\u00e9s et ayant eu acc\u00e8s \u00e0 de l&rsquo;herbe sur un grand parcours. A faire en fricass\u00e9e, ou dans une pr\u00e9paration pour donner du go\u00fbt \u00e0 vos recettes de l\u00e9gumes. Ou tout simplement pour faire un bouillon de volaille naturel !!!<\/p>\n","protected":false},"excerpt":{"rendered":"<p>Cou issus d&rsquo;un poulet de minimum 100 jours d&rsquo;\u00e9levage, bien nourris, bien \u00e9lev\u00e9s et ayant eu acc\u00e8s \u00e0 de l&rsquo;herbe sur un grand parcours. A faire en fricass\u00e9e, ou dans une pr\u00e9paration pour donner du go\u00fbt \u00e0 vos recettes de l\u00e9gumes. Ou tout simplement pour faire un bouillon de volaille naturel !!!<\/p>\n","protected":false},"featured_media":440,"comment_status":"closed","ping_status":"closed","template":"","meta":[],"product_brand":[],"product_cat":[26],"product_tag":[],"class_list":{"0":"post-439","1":"product","2":"type-product","3":"status-publish","4":"has-post-thumbnail","6":"product_cat-earl-des-bouillots-viandes","8":"first","9":"instock","10":"shipping-taxable","11":"purchasable","12":"product-type-simple"},"_links":{"self":[{"href":"https:\/\/marche.seve-asso.fr\/boutique\/wp-json\/wp\/v2\/product\/439","targetHints":{"allow":["GET"]}}],"collection":[{"href":"https:\/\/marche.seve-asso.fr\/boutique\/wp-json\/wp\/v2\/product"}],"about":[{"href":"https:\/\/marche.seve-asso.fr\/boutique\/wp-json\/wp\/v2\/types\/product"}],"replies":[{"embeddable":true,"href":"https:\/\/marche.seve-asso.fr\/boutique\/wp-json\/wp\/v2\/comments?post=439"}],"wp:featuredmedia":[{"embeddable":true,"href":"https:\/\/marche.seve-asso.fr\/boutique\/wp-json\/wp\/v2\/media\/440"}],"wp:attachment":[{"href":"https:\/\/marche.seve-asso.fr\/boutique\/wp-json\/wp\/v2\/media?parent=439"}],"wp:term":[{"taxonomy":"product_brand","embeddable":true,"href":"https:\/\/marche.seve-asso.fr\/boutique\/wp-json\/wp\/v2\/product_brand?post=439"},{"taxonomy":"product_cat","embeddable":true,"href":"https:\/\/marche.seve-asso.fr\/boutique\/wp-json\/wp\/v2\/product_cat?post=439"},{"taxonomy":"product_tag","embeddable":true,"href":"https:\/\/marche.seve-asso.fr\/boutique\/wp-json\/wp\/v2\/product_tag?post=439"}],"curies":[{"name":"wp","href":"https:\/\/api.w.org\/{rel}","templated":true}]}}

<p>Cou issus d&rsquo;un poulet de minimum 100 jours d&rsquo;élevage, bien nourris, bien élevés et ayant eu accès à de l&rsquo;herbe sur un grand parcours. A faire en fricassée, ou dans une préparation pour donner du goût à vos recettes de légumes. Ou tout simplement pour faire un bouillon de volaille naturel !!!</p>
