{"id":108,"date":"2023-02-01T10:45:34","date_gmt":"2023-02-01T09:45:34","guid":{"rendered":"https:\/\/marche.seve-asso.fr\/boutique\/?post_type=product&#038;p=108"},"modified":"2024-08-18T11:50:12","modified_gmt":"2024-08-18T09:50:12","slug":"pain-petit-epeautre","status":"publish","type":"product","link":"https:\/\/marche.seve-asso.fr\/boutique\/produit\/pain-petit-epeautre\/","title":{"rendered":"Pain petit \u00e9peautre"},"content":{"rendered":"<p>Pain pur Petit Epeautre (farine T.150), au levain naturel sur longue fermentation \u00e0\u00a0 temp\u00e9rature ambiante (15 \u00e0 17 heures).<br \/>\n(Allerg\u00e8nes : gluten)<br \/>\n<em>Poids : 0.8 Kg <\/em><\/p>\n<p><em>12.19 \u20ac\/Kg<\/em><\/p>\n","protected":false},"excerpt":{"rendered":"<p>Pain pur Petit Epeautre (farine T.150), au levain naturel sur longue fermentation \u00e0\u00a0 temp\u00e9rature ambiante (15 \u00e0 17 heures). (Allerg\u00e8nes : gluten) Poids : 0.8 Kg 12.19 \u20ac\/Kg<\/p>\n","protected":false},"featured_media":0,"comment_status":"closed","ping_status":"closed","template":"","meta":[],"product_brand":[],"product_cat":[29,34],"product_tag":[],"class_list":{"0":"post-108","1":"product","2":"type-product","3":"status-publish","5":"product_cat-boulangerie","6":"product_cat-fournil-de-la-bergerie","8":"first","9":"instock","10":"virtual","11":"purchasable","12":"product-type-simple"},"_links":{"self":[{"href":"https:\/\/marche.seve-asso.fr\/boutique\/wp-json\/wp\/v2\/product\/108","targetHints":{"allow":["GET"]}}],"collection":[{"href":"https:\/\/marche.seve-asso.fr\/boutique\/wp-json\/wp\/v2\/product"}],"about":[{"href":"https:\/\/marche.seve-asso.fr\/boutique\/wp-json\/wp\/v2\/types\/product"}],"replies":[{"embeddable":true,"href":"https:\/\/marche.seve-asso.fr\/boutique\/wp-json\/wp\/v2\/comments?post=108"}],"wp:attachment":[{"href":"https:\/\/marche.seve-asso.fr\/boutique\/wp-json\/wp\/v2\/media?parent=108"}],"wp:term":[{"taxonomy":"product_brand","embeddable":true,"href":"https:\/\/marche.seve-asso.fr\/boutique\/wp-json\/wp\/v2\/product_brand?post=108"},{"taxonomy":"product_cat","embeddable":true,"href":"https:\/\/marche.seve-asso.fr\/boutique\/wp-json\/wp\/v2\/product_cat?post=108"},{"taxonomy":"product_tag","embeddable":true,"href":"https:\/\/marche.seve-asso.fr\/boutique\/wp-json\/wp\/v2\/product_tag?post=108"}],"curies":[{"name":"wp","href":"https:\/\/api.w.org\/{rel}","templated":true}]}}

Pain petit épeautre

<p>Pain pur Petit Epeautre (farine T.150), au levain naturel sur longue fermentation à  température ambiante (15 à 17 heures).<br />
(Allergènes : gluten)<br />
<em>Poids : 0.8 Kg </em></p>
<p><em>12.19 €/Kg</em></p>

<p>Pain pur Petit Epeautre (farine T.150), au levain naturel sur longue fermentation à  température ambiante (15 à 17 heures). (Allergènes : gluten) Poids : 0.8 Kg 12.19 €/Kg</p>
