{"id":107,"date":"2023-02-01T10:44:42","date_gmt":"2023-02-01T09:44:42","guid":{"rendered":"https:\/\/marche.seve-asso.fr\/boutique\/?post_type=product&#038;p=107"},"modified":"2024-08-18T11:50:47","modified_gmt":"2024-08-18T09:50:47","slug":"pain-grand-epeautre","status":"publish","type":"product","link":"https:\/\/marche.seve-asso.fr\/boutique\/produit\/pain-grand-epeautre\/","title":{"rendered":"Pain grand \u00e9peautre"},"content":{"rendered":"<p>Pain pur Grand Epeautre v\u00e9ritable (farine T.150), au levain naturel sur longue fermentation \u00e0 temp\u00e9rature ambiante (15 \u00e0 17 heures).<br \/>\n(Allerg\u00e8nes : gluten)<br \/>\n<em>Poids : 1 Kg <\/em><\/p>\n<p><em>7.35 \u20ac\/Kg<\/em><\/p>\n","protected":false},"excerpt":{"rendered":"<p>Pain pur Grand Epeautre v\u00e9ritable (farine T.150), au levain naturel sur longue fermentation \u00e0 temp\u00e9rature ambiante (15 \u00e0 17 heures). (Allerg\u00e8nes : gluten) Poids : 1 Kg 7.35 \u20ac\/Kg<\/p>\n","protected":false},"featured_media":0,"comment_status":"closed","ping_status":"closed","template":"","meta":[],"product_brand":[],"product_cat":[29,34],"product_tag":[],"class_list":{"0":"post-107","1":"product","2":"type-product","3":"status-publish","5":"product_cat-boulangerie","6":"product_cat-fournil-de-la-bergerie","8":"first","9":"instock","10":"virtual","11":"purchasable","12":"product-type-simple"},"_links":{"self":[{"href":"https:\/\/marche.seve-asso.fr\/boutique\/wp-json\/wp\/v2\/product\/107","targetHints":{"allow":["GET"]}}],"collection":[{"href":"https:\/\/marche.seve-asso.fr\/boutique\/wp-json\/wp\/v2\/product"}],"about":[{"href":"https:\/\/marche.seve-asso.fr\/boutique\/wp-json\/wp\/v2\/types\/product"}],"replies":[{"embeddable":true,"href":"https:\/\/marche.seve-asso.fr\/boutique\/wp-json\/wp\/v2\/comments?post=107"}],"wp:attachment":[{"href":"https:\/\/marche.seve-asso.fr\/boutique\/wp-json\/wp\/v2\/media?parent=107"}],"wp:term":[{"taxonomy":"product_brand","embeddable":true,"href":"https:\/\/marche.seve-asso.fr\/boutique\/wp-json\/wp\/v2\/product_brand?post=107"},{"taxonomy":"product_cat","embeddable":true,"href":"https:\/\/marche.seve-asso.fr\/boutique\/wp-json\/wp\/v2\/product_cat?post=107"},{"taxonomy":"product_tag","embeddable":true,"href":"https:\/\/marche.seve-asso.fr\/boutique\/wp-json\/wp\/v2\/product_tag?post=107"}],"curies":[{"name":"wp","href":"https:\/\/api.w.org\/{rel}","templated":true}]}}

Pain grand épeautre

<p>Pain pur Grand Epeautre véritable (farine T.150), au levain naturel sur longue fermentation à température ambiante (15 à 17 heures).<br />
(Allergènes : gluten)<br />
<em>Poids : 1 Kg </em></p>
<p><em>7.35 €/Kg</em></p>

<p>Pain pur Grand Epeautre véritable (farine T.150), au levain naturel sur longue fermentation à température ambiante (15 à 17 heures). (Allergènes : gluten) Poids : 1 Kg 7.35 €/Kg</p>
