{"id":106,"date":"2023-02-01T10:43:54","date_gmt":"2023-02-01T09:43:54","guid":{"rendered":"https:\/\/marche.seve-asso.fr\/boutique\/?post_type=product&#038;p=106"},"modified":"2024-08-18T11:51:16","modified_gmt":"2024-08-18T09:51:16","slug":"pain-au-romarin","status":"publish","type":"product","link":"https:\/\/marche.seve-asso.fr\/boutique\/produit\/pain-au-romarin\/","title":{"rendered":"Pain au romarin"},"content":{"rendered":"<p>Pain froment semi-complet (farine T.65) au romarin finement hach\u00e9, au levain naturel sur longue fermentation \u00e0 temp\u00e9rature ambiante (15 \u00e0 17 heures).<br \/>\n(Allerg\u00e8nes : gluten).<br \/>\n<em>Poids : 1 Kg <\/em><\/p>\n<p><em>6.1 \u20ac\/Kg<\/em><\/p>\n","protected":false},"excerpt":{"rendered":"<p>Pain froment semi-complet (farine T.65) au romarin finement hach\u00e9, au levain naturel sur longue fermentation \u00e0 temp\u00e9rature ambiante (15 \u00e0 17 heures). (Allerg\u00e8nes : gluten). Poids : 1 Kg 6.1 \u20ac\/Kg<\/p>\n","protected":false},"featured_media":0,"comment_status":"closed","ping_status":"closed","template":"","meta":[],"product_brand":[],"product_cat":[29,34],"product_tag":[],"class_list":{"0":"post-106","1":"product","2":"type-product","3":"status-publish","5":"product_cat-boulangerie","6":"product_cat-fournil-de-la-bergerie","8":"first","9":"instock","10":"virtual","11":"purchasable","12":"product-type-simple"},"_links":{"self":[{"href":"https:\/\/marche.seve-asso.fr\/boutique\/wp-json\/wp\/v2\/product\/106","targetHints":{"allow":["GET"]}}],"collection":[{"href":"https:\/\/marche.seve-asso.fr\/boutique\/wp-json\/wp\/v2\/product"}],"about":[{"href":"https:\/\/marche.seve-asso.fr\/boutique\/wp-json\/wp\/v2\/types\/product"}],"replies":[{"embeddable":true,"href":"https:\/\/marche.seve-asso.fr\/boutique\/wp-json\/wp\/v2\/comments?post=106"}],"wp:attachment":[{"href":"https:\/\/marche.seve-asso.fr\/boutique\/wp-json\/wp\/v2\/media?parent=106"}],"wp:term":[{"taxonomy":"product_brand","embeddable":true,"href":"https:\/\/marche.seve-asso.fr\/boutique\/wp-json\/wp\/v2\/product_brand?post=106"},{"taxonomy":"product_cat","embeddable":true,"href":"https:\/\/marche.seve-asso.fr\/boutique\/wp-json\/wp\/v2\/product_cat?post=106"},{"taxonomy":"product_tag","embeddable":true,"href":"https:\/\/marche.seve-asso.fr\/boutique\/wp-json\/wp\/v2\/product_tag?post=106"}],"curies":[{"name":"wp","href":"https:\/\/api.w.org\/{rel}","templated":true}]}}

<p>Pain froment semi-complet (farine T.65) au romarin finement haché, au levain naturel sur longue fermentation à température ambiante (15 à 17 heures).<br />
(Allergènes : gluten).<br />
<em>Poids : 1 Kg </em></p>
<p><em>6.1 €/Kg</em></p>

<p>Pain froment semi-complet (farine T.65) au romarin finement haché, au levain naturel sur longue fermentation à température ambiante (15 à 17 heures). (Allergènes : gluten). Poids : 1 Kg 6.1 €/Kg</p>
