{"id":103,"date":"2023-02-01T10:41:11","date_gmt":"2023-02-01T09:41:11","guid":{"rendered":"https:\/\/marche.seve-asso.fr\/boutique\/?post_type=product&#038;p=103"},"modified":"2024-08-18T11:53:06","modified_gmt":"2024-08-18T09:53:06","slug":"pain-au-tournesol","status":"publish","type":"product","link":"https:\/\/marche.seve-asso.fr\/boutique\/produit\/pain-au-tournesol\/","title":{"rendered":"Pain au tournesol"},"content":{"rendered":"<p>Pain froment semi-complet (farine T.80) aux graines de tournesol, au levain naturel sur longue fermentation \u00e0 temp\u00e9rature ambiante (15 \u00e0 17 heures).<br \/>\n(Allerg\u00e8nes : gluten).<br \/>\n<em>Poids : 0.8 Kg\u00a0<\/em><\/p>\n<p><em> 7.63 \u20ac\/Kg<\/em><\/p>\n","protected":false},"excerpt":{"rendered":"<p>Pain froment semi-complet (farine T.80) aux graines de tournesol, au levain naturel sur longue fermentation \u00e0 temp\u00e9rature ambiante (15 \u00e0 17 heures). (Allerg\u00e8nes : gluten). Poids : 0.8 Kg\u00a0 7.63 \u20ac\/Kg<\/p>\n","protected":false},"featured_media":118,"comment_status":"closed","ping_status":"closed","template":"","meta":[],"product_brand":[],"product_cat":[29,34],"product_tag":[],"class_list":{"0":"post-103","1":"product","2":"type-product","3":"status-publish","4":"has-post-thumbnail","6":"product_cat-boulangerie","7":"product_cat-fournil-de-la-bergerie","9":"first","10":"instock","11":"virtual","12":"purchasable","13":"product-type-simple"},"_links":{"self":[{"href":"https:\/\/marche.seve-asso.fr\/boutique\/wp-json\/wp\/v2\/product\/103","targetHints":{"allow":["GET"]}}],"collection":[{"href":"https:\/\/marche.seve-asso.fr\/boutique\/wp-json\/wp\/v2\/product"}],"about":[{"href":"https:\/\/marche.seve-asso.fr\/boutique\/wp-json\/wp\/v2\/types\/product"}],"replies":[{"embeddable":true,"href":"https:\/\/marche.seve-asso.fr\/boutique\/wp-json\/wp\/v2\/comments?post=103"}],"wp:featuredmedia":[{"embeddable":true,"href":"https:\/\/marche.seve-asso.fr\/boutique\/wp-json\/wp\/v2\/media\/118"}],"wp:attachment":[{"href":"https:\/\/marche.seve-asso.fr\/boutique\/wp-json\/wp\/v2\/media?parent=103"}],"wp:term":[{"taxonomy":"product_brand","embeddable":true,"href":"https:\/\/marche.seve-asso.fr\/boutique\/wp-json\/wp\/v2\/product_brand?post=103"},{"taxonomy":"product_cat","embeddable":true,"href":"https:\/\/marche.seve-asso.fr\/boutique\/wp-json\/wp\/v2\/product_cat?post=103"},{"taxonomy":"product_tag","embeddable":true,"href":"https:\/\/marche.seve-asso.fr\/boutique\/wp-json\/wp\/v2\/product_tag?post=103"}],"curies":[{"name":"wp","href":"https:\/\/api.w.org\/{rel}","templated":true}]}}

<p>Pain froment semi-complet (farine T.80) aux graines de tournesol, au levain naturel sur longue fermentation à température ambiante (15 à 17 heures).<br />
(Allergènes : gluten).<br />
<em>Poids : 0.8 Kg </em></p>
<p><em> 7.63 €/Kg</em></p>

<p>Pain froment semi-complet (farine T.80) aux graines de tournesol, au levain naturel sur longue fermentation à température ambiante (15 à 17 heures). (Allergènes : gluten). Poids : 0.8 Kg  7.63 €/Kg</p>
