{"id":102,"date":"2023-02-01T10:40:26","date_gmt":"2023-02-01T09:40:26","guid":{"rendered":"https:\/\/marche.seve-asso.fr\/boutique\/?post_type=product&#038;p=102"},"modified":"2024-08-18T11:53:37","modified_gmt":"2024-08-18T09:53:37","slug":"pain-lin-courge","status":"publish","type":"product","link":"https:\/\/marche.seve-asso.fr\/boutique\/produit\/pain-lin-courge\/","title":{"rendered":"Pain lin\/courge"},"content":{"rendered":"<p>Pain froment semi-complet (farine T.80) aux graines de lin et de courge, au levain naturel sur longue fermentation \u00e0 temp\u00e9rature ambiante (15 \u00e0 17 heures).<br \/>\n(Allerg\u00e8nes : gluten).<br \/>\n<em>Poids : 800 g<\/em><\/p>\n<p><i>0.01 \u20ac\/g<\/i><\/p>\n<p>&nbsp;<\/p>\n","protected":false},"excerpt":{"rendered":"<p>Pain froment semi-complet (farine T.80) aux graines de lin et de courge, au levain naturel sur longue fermentation \u00e0 temp\u00e9rature ambiante (15 \u00e0 17 heures). (Allerg\u00e8nes : gluten). Poids : 800 g 0.01 \u20ac\/g &nbsp;<\/p>\n","protected":false},"featured_media":121,"comment_status":"closed","ping_status":"closed","template":"","meta":[],"product_brand":[],"product_cat":[29,34],"product_tag":[],"class_list":{"0":"post-102","1":"product","2":"type-product","3":"status-publish","4":"has-post-thumbnail","6":"product_cat-boulangerie","7":"product_cat-fournil-de-la-bergerie","9":"first","10":"instock","11":"virtual","12":"purchasable","13":"product-type-simple"},"_links":{"self":[{"href":"https:\/\/marche.seve-asso.fr\/boutique\/wp-json\/wp\/v2\/product\/102","targetHints":{"allow":["GET"]}}],"collection":[{"href":"https:\/\/marche.seve-asso.fr\/boutique\/wp-json\/wp\/v2\/product"}],"about":[{"href":"https:\/\/marche.seve-asso.fr\/boutique\/wp-json\/wp\/v2\/types\/product"}],"replies":[{"embeddable":true,"href":"https:\/\/marche.seve-asso.fr\/boutique\/wp-json\/wp\/v2\/comments?post=102"}],"wp:featuredmedia":[{"embeddable":true,"href":"https:\/\/marche.seve-asso.fr\/boutique\/wp-json\/wp\/v2\/media\/121"}],"wp:attachment":[{"href":"https:\/\/marche.seve-asso.fr\/boutique\/wp-json\/wp\/v2\/media?parent=102"}],"wp:term":[{"taxonomy":"product_brand","embeddable":true,"href":"https:\/\/marche.seve-asso.fr\/boutique\/wp-json\/wp\/v2\/product_brand?post=102"},{"taxonomy":"product_cat","embeddable":true,"href":"https:\/\/marche.seve-asso.fr\/boutique\/wp-json\/wp\/v2\/product_cat?post=102"},{"taxonomy":"product_tag","embeddable":true,"href":"https:\/\/marche.seve-asso.fr\/boutique\/wp-json\/wp\/v2\/product_tag?post=102"}],"curies":[{"name":"wp","href":"https:\/\/api.w.org\/{rel}","templated":true}]}}

<p>Pain froment semi-complet (farine T.80) aux graines de lin et de courge, au levain naturel sur longue fermentation à température ambiante (15 à 17 heures).<br />
(Allergènes : gluten).<br />
<em>Poids : 800 g</em></p>
<p><i>0.01 €/g</i></p>
<p>&nbsp;</p>

<p>Pain froment semi-complet (farine T.80) aux graines de lin et de courge, au levain naturel sur longue fermentation à température ambiante (15 à 17 heures). (Allergènes : gluten). Poids : 800 g 0.01 €/g &nbsp;</p>
